1
What is the tens digit of 653363051?
5
What is the ten thousands digit of 2929322487?
2
What is the ten thousands digit of 65926496?
2
What is the ten thousands digit of 2717972?
1
What is the units digit of 21748545?
5
What is the ten millions digit of 194975696?
9
What is the thousands digit of 6932566272?
6
What is the hundred millions digit of 1267963616?
2
What is the millions digit of 1317430793?
7
What is the units digit of 8504536?
6
What is the thousands digit of 31533864?
3
What is the hundreds digit of 104354797?
7
What is the thousands digit of 1193958172?
8
What is the hundred thousands digit of 128398559?
3
What is the hundreds digit of 133329237?
2
What is the ten millions digit of 42796425?
4
What is the ten millions digit of 122693034?
2
What is the hundred thousands digit of 27675235?
6
What is the tens digit of 106225826?
2
What is the hundreds digit of 37338183?
1
What is the ten millions digit of 206394504?
0
What is the units digit of 241079286?
6
What is the units digit of 63888995?
5
What is the units digit of 4826675666?
6
What is the thousands digit of 232734057?
4
What is the tens digit of 47694933?
3
What is the hundred thousands digit of 15747425?
7
What is the tens digit of 196482328?
2
What is the units digit of 162925163?
3
What is the units digit of 60636917?
7
What is the thousands digit of 318378462?
8
What is the ten thousands digit of 109540973?
4
What is the tens digit of 109471167?
6
What is the hundred thousands digit of 604272320?
2
What is the millions digit of 46606388?
6
What is the millions digit of 3191030917?
1
What is the thousands digit of 319891045?
1
What is the thousands digit of 69378832?
8
What is the hundred thousands digit of 118215955?
2
What is the ten thousands digit of 111522189?
2
What is the ten thousands digit of 1631661037?
6
What is the hundreds digit of 145027656?
6
What is the units digit of 741185079?
9
What is the thousands digit of 2024093740?
3
What is the hundred millions digit of 120883043?
1
What is the millions digit of 2996982416?
6
What is the hundred thousands digit of 1951465417?
4
What is the units digit of 5210903986?
6
What is the hundred thousands digit of 955789033?
7
What is the tens digit of 8840004000?
0
What is the tens digit of 32267997?
9
What is the millions digit of 247045751?
7
What is the units digit of 3067448516?
6
What is the tens digit of 81407038?
3
What is the hundred millions digit of 1172006562?
1
What is the tens digit of 72105141?
4
What is the thousands digit of 1230043833?
3
What is the ten millions digit of 29127119?
2
What is the millions digit of 35454478?
5
What is the millions digit of 20533346?
0
What is the tens digit of 2071103713?
1
What is the millions digit of 83689057?
3
What is the ten millions digit of 643303613?
4
What is the millions digit of 1710115?
1
What is the hundreds digit of 20494167?
1
What is the units digit of 67660997?
7
What is the millions digit of 1781523978?
1
What is the hundreds digit of 1168856625?
6
What is the hundred thousands digit of 40972203?
9
What is the thousands digit of 76302883?
2
What is the hundreds digit of 880730294?
2
What is the hundred millions digit of 906024346?
9
What is the hundreds digit of 2403018643?
6
What is the billions digit of 4455618343?
4
What is the thousands digit of 146972297?
2
What is the units digit of 61706352?
2
What is the thousands digit of 2850286661?
6
What is the hundreds digit of 25775836?
8
What is the millions digit of 6758660888?
8
What is the ten millions digit of 60659682?
6
What is the hundred thousands digit of 59775093?
7
What is the ten thousands digit of 86389942?
8
What is the ten thousands digit of 492727833?
2
What is the hundred thousands digit of 242178473?
1
What is the hundreds digit of 63961972?
9
What is the ten millions digit of 914080706?
1
What is the units digit of 207768931?
1
What is the hundred thousands digit of 412189188?
1
What is the ten thousands digit of 564912824?
1
What is the units digit of 1310313744?
4
What is the billions digit of 1661062759?
1
What is the hundred millions digit of 161384821?
1
What is the ten millions digit of 32270460?
3
What is the tens digit of 3865197185?
8
What is the tens digit of 95293144?
4
What is the hundred thousands digit of 77323770?
3
What is the hundred thousands digit of 28913791?
9
What is the thousands digit of 15331702?
1
What is the tens digit of 122554837?
3
What is the hundreds digit of 45051792?
7
What is the tens digit of 33209860?
6
What is the billions digit of 2312380228?
2
What is the ten millions digit of 3298565074?
9
What is the tens digit of 26421290?
9
What is the millions digit of 8856519?
8
What is the millions digit of 7266849319?
6
What is the millions digit of 19265052?
9
What is the tens digit of 4442426893?
9
What is the hundreds digit of 243388813?
8
What is the ten millions digit of 81860777?
8
What is the millions digit of 129944148?
9
What is the hundreds digit of 41703938?
9
What is the hundred millions digit of 198037714?
1
What is the billions digit of 1485309327?
1
What is the thousands digit of 141563225?
3
What is the units digit of 7601587?
7
What is the hundreds digit of 373186445?
4
What is the hundreds digit of 254977096?
0
What is the millions digit of 54791987?
4
What is the tens digit of 1150829141?
4
What is the units digit of 519877245?
5
What is the hundred millions digit of 3481303206?
4
What is the tens digit of 26854688?
8
What is the ten millions digit of 283638632?
8
What is the hundred thousands digit of 110784215?
7
What is the ten thousands digit of 260518379?
1
What is the hundreds digit of 269294736?
7
What is the hundreds digit of 244818579?
5
What is the ten millions digit of 448495922?
4
What is the ten thousands digit of 168706411?
0
What is the units digit of 368605472?
2
What is the thousands digit of 442624000?
4
What is the hundred thousands digit of 2836508074?
5
What is the hundred thousands digit of 164217793?
2
What is the hundred millions digit of 3386739587?
3
What is the millions digit of 86708649?
6
What is the thousands digit of 23265881?
5
What is the ten millions digit of 144988259?
4
What is the tens digit of 1524557875?
7
What is the ten thousands digit of 267115150?
1
What is the ten millions digit of 33381533?
3
What is the hundred thousands digit of 798144484?
1
What is the hundreds digit of 145562041?
0
What is the ten thousands digit of 76514407?
1
What is the hundreds digit of 1929551760?
7
What is the ten thousands digit of 652558667?
5
What is the hundred millions digit of 4777169610?
7
What is the hundreds digit of 18837063?
0
What is the hundreds digit of 1815727710?
7
What is the ten thousands digit of 40637279?
3
What is the hundreds digit of 449304576?
5
What is the tens digit of 159843784?
8
What is the hundred thousands digit of 798975049?
9
What is the units digit of 2995902054?
4
What is the hundred millions digit of 1431066416?
4
What is the tens digit of 7476292?
9
What is the units digit of 3291773739?
9
What is the hundreds digit of 212266155?
1
What is the ten thousands digit of 162521527?
2
What is the units digit of 8310354?
4
What is the ten thousands digit of 291884935?
8
What is the millions digit of 36020973?
6
What is the ten millions digit of 23454155?
2
What is the ten thousands digit of 61412098?
1
What is the units digit of 4498113914?
4
What is the hundreds digit of 2979396509?
5
What is the hundred millions digit of 300137855?
3
What is the hundreds digit of 385422841?
8
What is the thousands digit of 903963799?
3
What is the ten thousands digit of 191344340?
4
What is the hundred millions digit of 391438149?
3
What is the units digit of 877571906?
6
What is the tens digit of 1673813428?
2
What is the tens digit of 61883192?
9
What is the hundred millions digit of 255122682?
2
What is the hundred thousands digit of 12878485?
8
What is the hundreds digit of 159338273?
2
What is the thousands digit of 18184165?
4
What is the units digit of 20211462?
2
What is the units digit of 58544677?
7
What is the units digit of 15147624?
4
What is the ten millions digit of 355105590?
5
What is the thousands digit of 216562380?
2
What is the hundred thousands digit of 134689869?
6
What is